{"id":304,"date":"2021-11-24T08:21:09","date_gmt":"2021-11-24T11:21:09","guid":{"rendered":"https:\/\/www.forcom.org.br\/?page_id=304"},"modified":"2021-11-24T08:21:09","modified_gmt":"2021-11-24T11:21:09","slug":"forum-das-faculdades-comunitarias-forcom-elege-nova-diretoria","status":"publish","type":"page","link":"https:\/\/www.forcom.org.br\/index.php\/forum-das-faculdades-comunitarias-forcom-elege-nova-diretoria\/","title":{"rendered":"F\u00f3rum das Faculdades Comunit\u00e1rias \u2013 FORCOM elege nova Diretoria"},"content":{"rendered":"\n<p> No \u00faltimo dia 18 de novembro foi realizada elei\u00e7\u00e3o para nova diretoria do F\u00f3rum das Faculdades Comunit\u00e1rias\/FORCOM. A assembleia foi presidida pelo. Adm. Antonio Roberto Lausmann Ternes, obedecendo o estatuto da entidade e o EDITAL FORCOM N\u00ba 01\/2021, de quatorze de outubro de 2021, que trata do processo de inscri\u00e7\u00e3o de chapas para composi\u00e7\u00e3o da diretoria 2022\/2023, do F\u00f3rum Das Faculdades Comunit\u00e1rias\/FORCOM, verificou-se a inscri\u00e7\u00e3o de uma chapa composta pelos seguintes: Presidente \u2013 Mauro Alberto N\u00fcske, Vice-Presidente \u2013 Edson Sidney de Avila Junior, Secret\u00e1rio \u2013 Mauro Alberto N\u00fcske, Tesoureiro \u2013 Antonio Roberto Lausmann Ternes, Conselho Fiscal \u2013 Doris Helena Schaun Gerber, Delmar Henrique Backes e Manfredo Carlos Wachs. O Presidente Mauro Alberto N\u00fcske acumular\u00e1 a fun\u00e7\u00e3o de Secret\u00e1rio. A diretoria e conselho fiscal do FORCOM foram eleitos por unanimidade.<br>O novo presidente, Prof. Dr. Mauro Alberto N\u00fcske, \u00e9 Vice-Diretor de Ensino Superior da Sociedade Educacional Tr\u00eas de Maio\/SETREM. Em seu primeiro pronunciamento como Presidente manifestou reconhecimento pelo trabalho realizado por seus antecessores e destacou a import\u00e2ncia do FORCOM na representa\u00e7\u00e3o das Faculdades Comunit\u00e1rias no Rio Grande do Sul.<br>O mandato da nova diretoria e conselho fiscal \u00e9 de dois anos. A entidade mantem sua sede em Porto Alegre, junto a Faculdade Dom Bosco. <\/p>\n\n\n\n<div class=\"wp-block-image\"><figure class=\"aligncenter\"><img loading=\"lazy\" decoding=\"async\" width=\"531\" height=\"392\" src=\"https:\/\/www.forcom.org.br\/wp-content\/uploads\/2021\/11\/nova-diretoria.png\" alt=\"\" class=\"wp-image-302\" srcset=\"https:\/\/www.forcom.org.br\/wp-content\/uploads\/2021\/11\/nova-diretoria.png 531w, https:\/\/www.forcom.org.br\/wp-content\/uploads\/2021\/11\/nova-diretoria-300x221.png 300w, https:\/\/www.forcom.org.br\/wp-content\/uploads\/2021\/11\/nova-diretoria-230x170.png 230w, https:\/\/www.forcom.org.br\/wp-content\/uploads\/2021\/11\/nova-diretoria-350x258.png 350w, https:\/\/www.forcom.org.br\/wp-content\/uploads\/2021\/11\/nova-diretoria-480x354.png 480w\" sizes=\"auto, (max-width: 531px) 100vw, 531px\" \/><\/figure><\/div>\n\n\n\n<div style=\"height:100px\" aria-hidden=\"true\" class=\"wp-block-spacer\"><\/div>\n","protected":false},"excerpt":{"rendered":"<p>No \u00faltimo dia 18 de novembro foi realizada elei\u00e7\u00e3o para nova diretoria do F\u00f3rum das Faculdades Comunit\u00e1rias\/FORCOM. A assembleia foi presidida pelo. [&hellip;]<\/p>\n","protected":false},"author":1,"featured_media":0,"parent":0,"menu_order":0,"comment_status":"closed","ping_status":"closed","template":"page-templates\/page_fullwidth.php","meta":{"footnotes":""},"class_list":["post-304","page","type-page","status-publish","hentry"],"_links":{"self":[{"href":"https:\/\/www.forcom.org.br\/index.php\/wp-json\/wp\/v2\/pages\/304","targetHints":{"allow":["GET"]}}],"collection":[{"href":"https:\/\/www.forcom.org.br\/index.php\/wp-json\/wp\/v2\/pages"}],"about":[{"href":"https:\/\/www.forcom.org.br\/index.php\/wp-json\/wp\/v2\/types\/page"}],"author":[{"embeddable":true,"href":"https:\/\/www.forcom.org.br\/index.php\/wp-json\/wp\/v2\/users\/1"}],"replies":[{"embeddable":true,"href":"https:\/\/www.forcom.org.br\/index.php\/wp-json\/wp\/v2\/comments?post=304"}],"version-history":[{"count":0,"href":"https:\/\/www.forcom.org.br\/index.php\/wp-json\/wp\/v2\/pages\/304\/revisions"}],"wp:attachment":[{"href":"https:\/\/www.forcom.org.br\/index.php\/wp-json\/wp\/v2\/media?parent=304"}],"curies":[{"name":"wp","href":"https:\/\/api.w.org\/{rel}","templated":true}]}}

Fórum das Faculdades Comunitárias – FORCOM elege nova Diretoria

<p> No último dia 18 de novembro foi realizada eleição para nova diretoria do Fórum das Faculdades Comunitárias/FORCOM. A assembleia foi presidida pelo. Adm. Antonio Roberto Lausmann Ternes, obedecendo o estatuto da entidade e o EDITAL FORCOM Nº 01/2021, de quatorze de outubro de 2021, que trata do processo de inscrição de chapas para composição da diretoria 2022/2023, do Fórum Das Faculdades Comunitárias/FORCOM, verificou-se a inscrição de uma chapa composta pelos seguintes: Presidente – Mauro Alberto Nüske, Vice-Presidente – Edson Sidney de Avila Junior, Secretário – Mauro Alberto Nüske, Tesoureiro – Antonio Roberto Lausmann Ternes, Conselho Fiscal – Doris Helena Schaun Gerber, Delmar Henrique Backes e Manfredo Carlos Wachs. O Presidente Mauro Alberto Nüske acumulará a função de Secretário. A diretoria e conselho fiscal do FORCOM foram eleitos por unanimidade.<br>O novo presidente, Prof. Dr. Mauro Alberto Nüske, é Vice-Diretor de Ensino Superior da Sociedade Educacional Três de Maio/SETREM. Em seu primeiro pronunciamento como Presidente manifestou reconhecimento pelo trabalho realizado por seus antecessores e destacou a importância do FORCOM na representação das Faculdades Comunitárias no Rio Grande do Sul.<br>O mandato da nova diretoria e conselho fiscal é de dois anos. A entidade mantem sua sede em Porto Alegre, junto a Faculdade Dom Bosco. </p>



<div class="wp-block-image"><figure class="aligncenter"><img loading="lazy" decoding="async" width="531" height="392" src="https://www.forcom.org.br/wp-content/uploads/2021/11/nova-diretoria.png" alt="" class="wp-image-302" srcset="https://www.forcom.org.br/wp-content/uploads/2021/11/nova-diretoria.png 531w, https://www.forcom.org.br/wp-content/uploads/2021/11/nova-diretoria-300x221.png 300w, https://www.forcom.org.br/wp-content/uploads/2021/11/nova-diretoria-230x170.png 230w, https://www.forcom.org.br/wp-content/uploads/2021/11/nova-diretoria-350x258.png 350w, https://www.forcom.org.br/wp-content/uploads/2021/11/nova-diretoria-480x354.png 480w" sizes="auto, (max-width: 531px) 100vw, 531px" /></figure></div>



<div style="height:100px" aria-hidden="true" class="wp-block-spacer"></div>

<p>No último dia 18 de novembro foi realizada eleição para nova diretoria do Fórum das Faculdades Comunitárias/FORCOM. A assembleia foi presidida pelo. [&hellip;]</p>
