{"id":23,"date":"2019-07-23T16:37:25","date_gmt":"2019-07-23T19:37:25","guid":{"rendered":"http:\/\/www.fema.com.br\/forcom\/?page_id=23"},"modified":"2019-07-23T16:37:25","modified_gmt":"2019-07-23T19:37:25","slug":"audiencia-publica-em-santa-rosa-teve-como-tema-os-impactos-da-atual-politica-educacional-na-qualidade-do-ensino-superior-e-o-papel-das-faculdades-comunitarias","status":"publish","type":"page","link":"https:\/\/www.forcom.org.br\/index.php\/audiencia-publica-em-santa-rosa-teve-como-tema-os-impactos-da-atual-politica-educacional-na-qualidade-do-ensino-superior-e-o-papel-das-faculdades-comunitarias\/","title":{"rendered":"Audi\u00eancia P\u00fablica em Santa Rosa teve como tema os impactos da atual pol\u00edtica educacional na qualidade do ensino superior e o papel das faculdades comunit\u00e1rias"},"content":{"rendered":"\n<p>A regi\u00e3o Noroeste teve uma grande oportunidade de discutir a qualidade do Ensino Superior e o papel das Faculdades Comunit\u00e1rias no cen\u00e1rio da atual Pol\u00edtica Educacional Brasileira. A audi\u00eancia p\u00fablica, organizada pela Assembleia Legislativa do Estado do RS, por meio da Comiss\u00e3o de Assuntos Municipais, presidida pelo deputado Eduardo Loureiro (PDT), aconteceu na noite de quinta-feira (30), no Centro C\u00edvico de Santa Rosa.<\/p>\n\n\n\n<p>Na ocasi\u00e3o, o Adm. Antonio Roberto Lausmann Ternes, coordenador do FORCOM e diretor das Faculdades Integradas Machado de Assis (FEMA), falou sobre a atual situa\u00e7\u00e3o do ensino superior presencial. \u201cAs pol\u00edticas educacionais para o ensino superior no Brasil tem como foco a expans\u00e3o no n\u00famero de matr\u00edculas, por\u00e9m, desconsidera os impactos nocivos na qualidade\u201d, ressaltou Ternes.<\/p>\n\n\n\n<p>Loureiro foi o proponente do debate por sugest\u00e3o do F\u00f3rum das Faculdades Comunit\u00e1rias ga\u00fachas (FORCOM). Na ocasi\u00e3o, apresentou as seguintes tem\u00e1ticas: pol\u00edtica de financiamento, regulamenta\u00e7\u00e3o do ensino a dist\u00e2ncia, redu\u00e7\u00e3o no n\u00famero de estudantes, demiss\u00e3o de professores, fechamento de cursos e institui\u00e7\u00f5es de ensino superior, dentre outros. \u201cA precariza\u00e7\u00e3o e consequentemente a perda da qualidade no Ensino Superior \u00e9 bastante preocupante\u201d, alerta o deputado.<\/p>\n\n\n\n<p>A reuni\u00e3o, aberta ao p\u00fablico e \u00e0 imprensa, foi resultado de um of\u00edcio formalizado pelo FORCOM no dia 02 de agosto. Precedeu o of\u00edcio, uma reuni\u00e3o ocorrida no dia 20 de julho com representantes do Senado, dirigentes das Institui\u00e7\u00f5es de Ensino Superior locais, autoridades p\u00fablicas, imprensa e entidades da classe.<\/p>\n\n\n\n<p>Atualmente, o FORCOM \u00e9 composto por 13 institui\u00e7\u00f5es espalhadas pelo Estado. Na regi\u00e3o, por exemplo, est\u00e3o a Faculdade Horizontina (FAHOR), a Funda\u00e7\u00e3o Educacional Machado de Assis (FEMA) de Santa Rosa, e a Sociedade Educacional de Tr\u00eas de Maio (Setrem).<\/p>\n\n\n\n<p>O pr\u00f3ximo passo para as mudan\u00e7as nas a\u00e7\u00f5es do Ensino Superior, ser\u00e1 uma Audi\u00eancia P\u00fablica no Senado, j\u00e1 agendada para 15 de outubro. Entre outras a\u00e7\u00f5es, Loureiro destacou a cria\u00e7\u00e3o de um grupo de estudos e garantiu o acompanhamento dos pedidos j\u00e1 formalizados.<\/p>\n\n\n\n<ul class=\"wp-block-gallery columns-3 is-cropped wp-block-gallery-1 is-layout-flex wp-block-gallery-is-layout-flex\"><li class=\"blocks-gallery-item\"><figure><img decoding=\"async\" src=\"http:\/\/www.fema.com.br\/forcom\/wp-content\/uploads\/2019\/07\/1-6-1024x683-1024x683.jpg\" alt=\"\" data-id=\"24\" data-link=\"http:\/\/www.fema.com.br\/forcom\/?attachment_id=24\" class=\"wp-image-24\"\/><\/figure><\/li><li class=\"blocks-gallery-item\"><figure><img decoding=\"async\" src=\"http:\/\/www.fema.com.br\/forcom\/wp-content\/uploads\/2019\/07\/2-6-1024x683-1024x683.jpg\" alt=\"\" data-id=\"25\" data-link=\"http:\/\/www.fema.com.br\/forcom\/?attachment_id=25\" class=\"wp-image-25\"\/><\/figure><\/li><li class=\"blocks-gallery-item\"><figure><img decoding=\"async\" src=\"http:\/\/www.fema.com.br\/forcom\/wp-content\/uploads\/2019\/07\/3-6-1024x787-1024x787.jpg\" alt=\"\" data-id=\"26\" data-link=\"http:\/\/www.fema.com.br\/forcom\/?attachment_id=26\" class=\"wp-image-26\"\/><\/figure><\/li><li class=\"blocks-gallery-item\"><figure><img decoding=\"async\" src=\"http:\/\/www.fema.com.br\/forcom\/wp-content\/uploads\/2019\/07\/4-4-1024x683-1024x683.jpg\" alt=\"\" data-id=\"27\" data-link=\"http:\/\/www.fema.com.br\/forcom\/?attachment_id=27\" class=\"wp-image-27\"\/><\/figure><\/li><li class=\"blocks-gallery-item\"><figure><img decoding=\"async\" src=\"http:\/\/www.fema.com.br\/forcom\/wp-content\/uploads\/2019\/07\/5-3-1024x683-1024x683.jpg\" alt=\"\" data-id=\"28\" data-link=\"http:\/\/www.fema.com.br\/forcom\/?attachment_id=28\" class=\"wp-image-28\"\/><\/figure><\/li><li class=\"blocks-gallery-item\"><figure><img decoding=\"async\" src=\"http:\/\/www.fema.com.br\/forcom\/wp-content\/uploads\/2019\/07\/6-2-1024x683-1024x683.jpg\" alt=\"\" data-id=\"29\" data-link=\"http:\/\/www.fema.com.br\/forcom\/?attachment_id=29\" class=\"wp-image-29\"\/><\/figure><\/li><li class=\"blocks-gallery-item\"><figure><img decoding=\"async\" src=\"http:\/\/www.fema.com.br\/forcom\/wp-content\/uploads\/2019\/07\/7-1-1024x683-1024x683.jpg\" alt=\"\" data-id=\"30\" data-link=\"http:\/\/www.fema.com.br\/forcom\/?attachment_id=30\" class=\"wp-image-30\"\/><\/figure><\/li><li class=\"blocks-gallery-item\"><figure><img decoding=\"async\" src=\"http:\/\/www.fema.com.br\/forcom\/wp-content\/uploads\/2019\/07\/IMG_9291-1024x683-1024x683.jpg\" alt=\"\" data-id=\"31\" data-link=\"http:\/\/www.fema.com.br\/forcom\/?attachment_id=31\" class=\"wp-image-31\"\/><\/figure><\/li><li class=\"blocks-gallery-item\"><figure><img decoding=\"async\" src=\"http:\/\/www.fema.com.br\/forcom\/wp-content\/uploads\/2019\/07\/IMG_9297-1024x683-1024x683.jpg\" alt=\"\" data-id=\"32\" data-link=\"http:\/\/www.fema.com.br\/forcom\/?attachment_id=32\" class=\"wp-image-32\"\/><\/figure><\/li><li class=\"blocks-gallery-item\"><figure><img decoding=\"async\" src=\"http:\/\/www.fema.com.br\/forcom\/wp-content\/uploads\/2019\/07\/Untitled-5-1024x743-1024x743.jpg\" alt=\"\" data-id=\"33\" data-link=\"http:\/\/www.fema.com.br\/forcom\/?attachment_id=33\" class=\"wp-image-33\"\/><\/figure><\/li><\/ul>\n\n\n\n<p style=\"text-align:center\"><a href=\"http:\/\/www.fema.com.br\/forcom\/index.php\/noticias\/\">Voltar<\/a><\/p>\n","protected":false},"excerpt":{"rendered":"<p>A regi\u00e3o Noroeste teve uma grande oportunidade de discutir a qualidade do Ensino Superior e o papel das Faculdades Comunit\u00e1rias no cen\u00e1rio [&hellip;]<\/p>\n","protected":false},"author":1,"featured_media":0,"parent":0,"menu_order":0,"comment_status":"closed","ping_status":"closed","template":"page-templates\/page_fullwidth.php","meta":{"footnotes":""},"class_list":["post-23","page","type-page","status-publish","hentry"],"_links":{"self":[{"href":"https:\/\/www.forcom.org.br\/index.php\/wp-json\/wp\/v2\/pages\/23","targetHints":{"allow":["GET"]}}],"collection":[{"href":"https:\/\/www.forcom.org.br\/index.php\/wp-json\/wp\/v2\/pages"}],"about":[{"href":"https:\/\/www.forcom.org.br\/index.php\/wp-json\/wp\/v2\/types\/page"}],"author":[{"embeddable":true,"href":"https:\/\/www.forcom.org.br\/index.php\/wp-json\/wp\/v2\/users\/1"}],"replies":[{"embeddable":true,"href":"https:\/\/www.forcom.org.br\/index.php\/wp-json\/wp\/v2\/comments?post=23"}],"version-history":[{"count":0,"href":"https:\/\/www.forcom.org.br\/index.php\/wp-json\/wp\/v2\/pages\/23\/revisions"}],"wp:attachment":[{"href":"https:\/\/www.forcom.org.br\/index.php\/wp-json\/wp\/v2\/media?parent=23"}],"curies":[{"name":"wp","href":"https:\/\/api.w.org\/{rel}","templated":true}]}}

Audiência Pública em Santa Rosa teve como tema os impactos da atual política educacional na qualidade do ensino superior e o papel das faculdades comunitárias

<p>A região Noroeste teve uma grande oportunidade de discutir a qualidade do Ensino Superior e o papel das Faculdades Comunitárias no cenário da atual Política Educacional Brasileira. A audiência pública, organizada pela Assembleia Legislativa do Estado do RS, por meio da Comissão de Assuntos Municipais, presidida pelo deputado Eduardo Loureiro (PDT), aconteceu na noite de quinta-feira (30), no Centro Cívico de Santa Rosa.</p>



<p>Na ocasião, o Adm. Antonio Roberto Lausmann Ternes, coordenador do FORCOM e diretor das Faculdades Integradas Machado de Assis (FEMA), falou sobre a atual situação do ensino superior presencial. “As políticas educacionais para o ensino superior no Brasil tem como foco a expansão no número de matrículas, porém, desconsidera os impactos nocivos na qualidade”, ressaltou Ternes.</p>



<p>Loureiro foi o proponente do debate por sugestão do Fórum das Faculdades Comunitárias gaúchas (FORCOM). Na ocasião, apresentou as seguintes temáticas: política de financiamento, regulamentação do ensino a distância, redução no número de estudantes, demissão de professores, fechamento de cursos e instituições de ensino superior, dentre outros. “A precarização e consequentemente a perda da qualidade no Ensino Superior é bastante preocupante”, alerta o deputado.</p>



<p>A reunião, aberta ao público e à imprensa, foi resultado de um ofício formalizado pelo FORCOM no dia 02 de agosto. Precedeu o ofício, uma reunião ocorrida no dia 20 de julho com representantes do Senado, dirigentes das Instituições de Ensino Superior locais, autoridades públicas, imprensa e entidades da classe.</p>



<p>Atualmente, o FORCOM é composto por 13 instituições espalhadas pelo Estado. Na região, por exemplo, estão a Faculdade Horizontina (FAHOR), a Fundação Educacional Machado de Assis (FEMA) de Santa Rosa, e a Sociedade Educacional de Três de Maio (Setrem).</p>



<p>O próximo passo para as mudanças nas ações do Ensino Superior, será uma Audiência Pública no Senado, já agendada para 15 de outubro. Entre outras ações, Loureiro destacou a criação de um grupo de estudos e garantiu o acompanhamento dos pedidos já formalizados.</p>



<ul class="wp-block-gallery columns-3 is-cropped wp-block-gallery-1 is-layout-flex wp-block-gallery-is-layout-flex"><li class="blocks-gallery-item"><figure><img decoding="async" src="http://www.fema.com.br/forcom/wp-content/uploads/2019/07/1-6-1024x683-1024x683.jpg" alt="" data-id="24" data-link="http://www.fema.com.br/forcom/?attachment_id=24" class="wp-image-24"/></figure></li><li class="blocks-gallery-item"><figure><img decoding="async" src="http://www.fema.com.br/forcom/wp-content/uploads/2019/07/2-6-1024x683-1024x683.jpg" alt="" data-id="25" data-link="http://www.fema.com.br/forcom/?attachment_id=25" class="wp-image-25"/></figure></li><li class="blocks-gallery-item"><figure><img decoding="async" src="http://www.fema.com.br/forcom/wp-content/uploads/2019/07/3-6-1024x787-1024x787.jpg" alt="" data-id="26" data-link="http://www.fema.com.br/forcom/?attachment_id=26" class="wp-image-26"/></figure></li><li class="blocks-gallery-item"><figure><img decoding="async" src="http://www.fema.com.br/forcom/wp-content/uploads/2019/07/4-4-1024x683-1024x683.jpg" alt="" data-id="27" data-link="http://www.fema.com.br/forcom/?attachment_id=27" class="wp-image-27"/></figure></li><li class="blocks-gallery-item"><figure><img decoding="async" src="http://www.fema.com.br/forcom/wp-content/uploads/2019/07/5-3-1024x683-1024x683.jpg" alt="" data-id="28" data-link="http://www.fema.com.br/forcom/?attachment_id=28" class="wp-image-28"/></figure></li><li class="blocks-gallery-item"><figure><img decoding="async" src="http://www.fema.com.br/forcom/wp-content/uploads/2019/07/6-2-1024x683-1024x683.jpg" alt="" data-id="29" data-link="http://www.fema.com.br/forcom/?attachment_id=29" class="wp-image-29"/></figure></li><li class="blocks-gallery-item"><figure><img decoding="async" src="http://www.fema.com.br/forcom/wp-content/uploads/2019/07/7-1-1024x683-1024x683.jpg" alt="" data-id="30" data-link="http://www.fema.com.br/forcom/?attachment_id=30" class="wp-image-30"/></figure></li><li class="blocks-gallery-item"><figure><img decoding="async" src="http://www.fema.com.br/forcom/wp-content/uploads/2019/07/IMG_9291-1024x683-1024x683.jpg" alt="" data-id="31" data-link="http://www.fema.com.br/forcom/?attachment_id=31" class="wp-image-31"/></figure></li><li class="blocks-gallery-item"><figure><img decoding="async" src="http://www.fema.com.br/forcom/wp-content/uploads/2019/07/IMG_9297-1024x683-1024x683.jpg" alt="" data-id="32" data-link="http://www.fema.com.br/forcom/?attachment_id=32" class="wp-image-32"/></figure></li><li class="blocks-gallery-item"><figure><img decoding="async" src="http://www.fema.com.br/forcom/wp-content/uploads/2019/07/Untitled-5-1024x743-1024x743.jpg" alt="" data-id="33" data-link="http://www.fema.com.br/forcom/?attachment_id=33" class="wp-image-33"/></figure></li></ul>



<p style="text-align:center"><a href="http://www.fema.com.br/forcom/index.php/noticias/">Voltar</a></p>

<p>A região Noroeste teve uma grande oportunidade de discutir a qualidade do Ensino Superior e o papel das Faculdades Comunitárias no cenário [&hellip;]</p>
