{"id":149,"date":"2019-09-24T16:40:21","date_gmt":"2019-09-24T19:40:21","guid":{"rendered":"https:\/\/www.forcom.org.br\/?page_id=149"},"modified":"2019-09-24T16:40:21","modified_gmt":"2019-09-24T19:40:21","slug":"manifesto-do-forum-das-faculdades-comunitarias-forcom-em-referencia-ao-projeto-de-emenda-a-constituicao-no-6-2019-que-trata-da-reforma-ada-previdencia","status":"publish","type":"page","link":"https:\/\/www.forcom.org.br\/index.php\/manifesto-do-forum-das-faculdades-comunitarias-forcom-em-referencia-ao-projeto-de-emenda-a-constituicao-no-6-2019-que-trata-da-reforma-ada-previdencia\/","title":{"rendered":"Manifesto do F\u00f3rum das Faculdades Comunit\u00e1rias \u2013 FORCOM, em refer\u00eancia ao Projeto de Emenda a Constitui\u00e7\u00e3o n\u00ba 6\/2019, que trata da Reforma da Previd\u00eancia."},"content":{"rendered":"\n<p><\/p>\n\n\n\n<p>O F\u00f3rum das Faculdades Comunit\u00e1rias \u2013 FORCOM, criado em 2011, constitui-se em espa\u00e7o que expressa o desejo de atua\u00e7\u00e3o conjunta das institui\u00e7\u00f5es de ensino superior \u2013 IES de car\u00e1ter comunit\u00e1rio, que n\u00e3o ostentam o status de centro universit\u00e1rio ou de universidade, dispostas a se congregar em torno de causas comuns em todas as \u00e1reas e n\u00edveis de atua\u00e7\u00e3o. Compreende-se como comunit\u00e1rias, as institui\u00e7\u00f5es sem fins lucrativos, portanto, comprometidas com a aplica\u00e7\u00e3o integral dos recursos gerados ou recebidos em suas pr\u00f3prias atividades, sendo mantidas por comunidades, igrejas ou congrega\u00e7\u00f5es, confessionais ou n\u00e3o, n\u00e3o podendo pertencer a fam\u00edlias ou a indiv\u00edduos isolados.<\/p>\n\n\n\n<p><em><a href=\"https:\/\/www.forcom.org.br\/wp-content\/uploads\/2019\/09\/Manifesto-do-Forum-das-Faculdades-Comunitarias-FORCOM-Referente-a-PEC-06-2019.pdf\">Confira o manifesto completo aqui.<\/a><\/em><\/p>\n","protected":false},"excerpt":{"rendered":"<p>O F\u00f3rum das Faculdades Comunit\u00e1rias \u2013 FORCOM, criado em 2011, constitui-se em espa\u00e7o que expressa o desejo de atua\u00e7\u00e3o conjunta das institui\u00e7\u00f5es [&hellip;]<\/p>\n","protected":false},"author":1,"featured_media":0,"parent":0,"menu_order":0,"comment_status":"closed","ping_status":"closed","template":"page-templates\/page_fullwidth.php","meta":{"footnotes":""},"class_list":["post-149","page","type-page","status-publish","hentry"],"_links":{"self":[{"href":"https:\/\/www.forcom.org.br\/index.php\/wp-json\/wp\/v2\/pages\/149","targetHints":{"allow":["GET"]}}],"collection":[{"href":"https:\/\/www.forcom.org.br\/index.php\/wp-json\/wp\/v2\/pages"}],"about":[{"href":"https:\/\/www.forcom.org.br\/index.php\/wp-json\/wp\/v2\/types\/page"}],"author":[{"embeddable":true,"href":"https:\/\/www.forcom.org.br\/index.php\/wp-json\/wp\/v2\/users\/1"}],"replies":[{"embeddable":true,"href":"https:\/\/www.forcom.org.br\/index.php\/wp-json\/wp\/v2\/comments?post=149"}],"version-history":[{"count":0,"href":"https:\/\/www.forcom.org.br\/index.php\/wp-json\/wp\/v2\/pages\/149\/revisions"}],"wp:attachment":[{"href":"https:\/\/www.forcom.org.br\/index.php\/wp-json\/wp\/v2\/media?parent=149"}],"curies":[{"name":"wp","href":"https:\/\/api.w.org\/{rel}","templated":true}]}}